5, 19, 43
Suppose 4*v - 25187 = -4*o + 12713, -5*o + 3*v = -47399. List the prime factors of o.
2, 7, 677
Let l(a) = a**3 - a**2 + a + 987. Let x be l(0). Let v = 682 - x. List the prime factors of 4 - (-33)/(-9) - v/3.
2, 3, 17
Let o = -45 - -58. Let r = o - 9. Suppose r*y = 4*c - 645 - 55, 4*y = -c + 195. List the prime factors of c.
179
Let u(l) = -4*l**3 - 36*l**2 - 32*l - 89. What are the prime factors of u(-12)?
7, 17
Let b = -3854 - -7173. What are the prime factors of b?
3319
Suppose 5*o = 877 - 197. Let a be (5495/25 - -6) + (-1)/(-5). Let t = a - o. What are the prime factors of t?
2, 3, 5
Suppose -13170*h = -13178*h + 110960. What are the prime factors of h?
2, 5, 19, 73
Let l be (-128)/(-22) + 2/11. Let o(v) = -29*v - 31. Let b(i) = 11*i + 16. Let z(r) = -7*b(r) - 3*o(r). List the prime factors of z(l).
41
Let p(v) = -5*v - 4. Let k be p(0). Let r(s) = 15*s + 8. Let n(a) = 15*a + 8. Let d(m) = k*r(m) + 3*n(m). List the prime factors of d(-3).
37
Let z = 849 + -434. Let w be (-8)/(-3 - -11) + -203 + 5 + -1. Let h = z + w. What are the prime factors of h?
5, 43
Suppose 3*c + 4*a - 10276 - 76874 = 0, 0 = 5*a - 30. What are the prime factors of c?
2, 13, 1117
Let h = 33538 + -10061. List the prime factors of h.
17, 1381
Let g = -740 + 1177. Let j = 748 - g. What are the prime factors of j?
311
Suppose 53*k - 46*k = 12467. What are the prime factors of k?
13, 137
Suppose -3*t + 10 = 1. Let u be t + -39 + 2/(-1). Let w = u + 110. What are the prime factors of w?
2, 3
Let d(b) = 22*b**2 - 4*b - 10*b**2 + 2*b - 6*b + 12. Suppose -5*c + 3*g + 6 = 0, c - 2*g + 12 = 3*g. What are the prime factors of d(c)?
2, 3
Suppose 0 = 884*t - 895*t + 118569. What are the prime factors of t?
3, 3593
Let n = -15258 + 30901. List the prime factors of n.
15643
Let a(n) = n**3 - 6*n**2 - 12*n - 11. Let j be a(-7). Let x = j + 827. List the prime factors of x.
263
Let k = -214 - -379. Suppose 2*c - k - 123 = 0. Suppose -6*i = -66 - c. List the prime factors of i.
5, 7
Suppose 2*s + 2*r = -8, r = -3*s + 2*r - 4. Let n be (-46)/(-4)*((-28)/(-7) - s). Suppose -j + 2*c + 47 = 0, -3*j = -j + c - n. What are the prime factors of j?
37
Suppose -5*q - 3*q = q. Let w be q + 38 + 0 + 0 + -1. Suppose -32*z + w*z = 255. List the prime factors of z.
3, 17
Let x(k) be the second derivative of k**6/72 + 31*k**5/120 + 19*k**4/12 - 18*k. Let q(m) be the third derivative of x(m). List the prime factors of q(4).
71
Let d be 6/(-9)*(3 - 4860/(-8)). Let g = 485 + d. What are the prime factors of g?
2, 3, 13
Suppose 0 = -2*y + 2*v + 24, -y - 5*v - 50 = -5*y. Suppose -5*a = y, 37 = 4*g - 2*a - 379. List the prime factors of g.
103
Suppose -m = -2*d + 734 + 588, 2644 = 4*d + 5*m. Suppose 521 + d = 2*x. List the prime factors of x.
3, 197
Suppose 9*b - 65 + 11 = 0, -5*b = 3*h - 113907. List the prime factors of h.
3, 12653
Suppose -13*u + 5103 = 5*u - 83493. What are the prime factors of u?
2, 23, 107
Let a(v) = 40*v**2 - 10*v - 9. Let y(s) = 4*s**2 + 40*s + 31. Let x be y(-9). List the prime factors of a(x).
3, 347
Let r(u) = -2*u**2 - 9*u - 1. Let f be (-22)/4 - (-9)/6. Let p be r(f). Suppose 0*k + 207 = p*k. What are the prime factors of k?
3, 23
Let g(o) = -22*o + 2. Let v(u) = -11*u + 1. Let a(n) = -4*g(n) + 7*v(n). Let y be a(-3). Let m = y + 72. List the prime factors of m.
2, 19
Let s(u) = -18*u**3 + 3*u**2 - 8*u - 7. Let v = -188 + 185. List the prime factors of s(v).
2, 5, 53
Let t be (1 + -1 + 0)/(-3 - -2). Suppose -14*f + 20*f - 12 = t. List the prime factors of (-127)/3*(-4 - f/(-2)).
127
Let h(b) = -b**3 + 10*b**2 + 22*b + 3. Let n be h(13). Let y = 333 + n. List the prime factors of y.
5, 23
Let m = -21177 + 32314. What are the prime factors of m?
7, 37, 43
Let n(t) = -6*t**2 - 75*t + 2. Let m be n(-17). What are the prime factors of 5 - (m - (5 + -5))?
2, 3, 7, 11
Let r be (-64 - 7)/(0 + 1). Let h = r - -65. Let b(q) = 3*q**2 - 2*q + 5. List the prime factors of b(h).
5
Suppose -3*u + a = -8*u - 2, 5*a = -3*u - 10. Suppose 25*z - 24*z - 5 = 0. Suppose u = -z*p - 2*q + 6*q + 58, 2*q - 62 = -4*p. List the prime factors of p.
2, 7
Let s = 12 - 0. Suppose -3*j + 5*o - s = 2*o, -3*o = j - 12. Suppose -4*d = 3*l - 6*l - 525, j = -3*l + 3. What are the prime factors of d?
2, 3, 11
Suppose -5*j + 5735*b + 67453 = 5732*b, 3*j - 40469 = -b. List the prime factors of j.
2, 5, 19, 71
Suppose -6*v - 2*v + 32 = 0. Suppose -3*a = v*p - 222, -5*p + 26 = -5*a + 361. Suppose 0 = -2*y + 10, 3*u + a = -4*y + 561. What are the prime factors of u?
157
Let f = 6357 + 22968. What are the prime factors of f?
3, 5, 17, 23
Suppose -5*f - 230 = 1070. Let x = f + 120. Let a = -75 - x. What are the prime factors of a?
5, 13
Let k be ((-195)/(-12))/(-13) - 109/(-4). Let v be (-2)/(-5) - 72/(-45). List the prime factors of (11/v)/(13/k).
11
Let k(o) = o**3 + 21*o**2 - 48*o - 21. Let f(i) = -i**3 + 5*i**2 - 2*i - 13. Let l be (3/6)/((-9)/30)*-3. Let v be f(l). List the prime factors of k(v).
5
Let r(f) = -f**2 + 22*f - 72. Let a be r(4). List the prime factors of (-28 - -523) + (0 - a).
3, 5, 11
Suppose -18 + 130 = -4*w. Let u = 157 - w. Suppose 2*a = -b + 88, 2*a = -2*b + a + u. List the prime factors of b.
2, 47
Let j(n) = -n**3 - 23*n**2 - 30*n + 6. Let q be j(-21). Let k = 203 - q. List the prime factors of k.
449
Let i = 27 + -17. Suppose i = 3*c + 2*c. What are the prime factors of 926/10 + (0 - c/(-5))?
3, 31
Suppose -146*k + 149*k = 24618. List the prime factors of k.
2, 11, 373
Suppose 400 = 2*k + 4*b, 0 = -k - 5*b + 242 - 48. Let a be (k/10)/(6/200). Suppose 2325 - a = 7*q. What are the prime factors of q?
5, 47
Suppose 0 = -10*k - 4*k + 126. Suppose k*v - 884 = 439. List the prime factors of v.
3, 7
Let a = -9252 - -16332. What are the prime factors of a?
2, 3, 5, 59
Suppose -5*o + 5*a + 490 = -0*a, -a + 377 = 4*o. Let s = o - 134. What are the prime factors of (-26)/s - (-784)/3?
2, 131
Suppose -2*t = -5*u + 59083 + 100365, 0 = 3*u + 5*t - 95613. What are the prime factors of u?
2, 107, 149
Let i(l) be the third derivative of l**6/120 - l**5/4 - l**4/12 + 17*l**3/2 - 55*l**2. List the prime factors of i(15).
3, 7
Suppose 7 = h - 16. Let u = -24 + h. List the prime factors of u + (265/5 - 4).
2, 3
Suppose 48*w - 5*w = -25*w + 1725160. What are the prime factors of w?
2, 5, 43, 59
Let h be ((-3)/(-6))/((-39558)/(-39552) + -1). Suppose 0 = -4*r - 4*r + h. List the prime factors of r.
2, 103
Suppose 5*x - 12*c = -10*c + 2441, 0 = 3*x + 2*c - 1471. Suppose x = 9*y - 1257. List the prime factors of y.
2, 97
Let x(j) = -1461*j - 47. Suppose -32*d = 46 - 14. List the prime factors of x(d).
2, 7, 101
Suppose -4 = 18*i - 14*i. Let d be (3/(-6))/i*100. Suppose 4*f = 9*f - d. List the prime factors of f.
2, 5
Suppose 4*w + 12 = -2*l - 4, -l + 4 = 5*w. Let i(f) = 3*f**2 + 47*f + 7. Let n be i(l). Let d = n + -18. List the prime factors of d.
5
Let z = -8784 + 10515. What are the prime factors of z?
3, 577
Let l = -1776 + 2696. What are the prime factors of l?
2, 5, 23
Let b be (2 + -24)/(7/28). List the prime factors of (b/(-10))/(49/35 - 1).
2, 11
Let z = -166 - -263. Let v = z - -216. List the prime factors of v.
313
Suppose 4*p + 5 - 13 = 0. Let n(g) = 6 + 2*g - 1 + 14 - 29*g + p*g**2. List the prime factors of n(16).
3, 11
Suppose 5*w - 206 = 5*b - 861, 5*b = 4*w + 656. List the prime factors of b.
2, 3, 11
Let n be -1 + -14 - (-7 + -11)/(-6). Let o be (-2 - n/3)/(1 - -1). Suppose 5*v - 142 = 3*v - 4*z, -5*z = -o*v + 97. List the prime factors of v.
61
Let o = -1 - 4. Let k(a) = 9 - 37*a + 24*a - 7 + 2 + 9. List the prime factors of k(o).
2, 3, 13
Let j(x) = x**2 - 2*x + 930. List the prime factors of j(47).
3, 5, 7, 29
Let x(r) = 5*r - 81. Let v be x(20). Suppose v*b + 3*b - 9130 = 0. List the prime factors of b.
5, 83
Let w = -18434 - -27777. List the prime factors of w.
9343
Suppose -16461*t - 68204 = -16463*t. List the prime factors of t.
2, 17, 59
Let v = -11030 + 26441. What are the prime factors of v?
3, 11, 467
Suppose -3*l = 5*z + 295, -z + 3*l - 41 = -0*z. Let w be z/2*-27 - (14 - 10). Suppose -9*m = -w - 706. List the prime factors of m.
2, 3
Suppose -15*q - 2*h = -11*q - 40104, -2*h = -12. List the prime factors of q.
3, 13, 257
Let d be 631 + 1 + 8 + 2 + -14. Let i = d - 192. List